ve y(t).
-34
Let z(w) = -9*w**2 - 2*w + 9. Let v(n) = -4*n**2 - n + 4. Let g(t) = -7*v(t) + 3*z(t). Suppose 0 = 4376*f - 4208*f + 336. Determine g(f).
1
Let o(v) be the third derivative of 1/120*v**6 + 49*v**2 + 2/3*v**3 + 1/6*v**4 - 1/12*v**5 + 2*v + 0. Let h = 12 + -8. What is o(h)?
4
Let a = 13 - 21. Suppose 0 = 6*c - 2*c + 52. Let h = c - a. Let p(k) = -k**2 - 6*k - 3. Determine p(h).
2
Let b(a) = a**3 - 3*a**2 - 3*a + 2. Let g(q) be the first derivative of q**3/3 + 3*q**2 - 14*q + 8. Let y be g(-8). Determine b(y).
-8
Let w(x) = -7*x - 11. Let j be w(-2). Let f(y) = 0*y**3 + 8*y**j - y + 1 - 9*y**3. Let i = 1 - 0. Determine f(i).
-1
Let d(g) be the third derivative of 7/6*g**3 + 0 - 34*g**2 - 1/24*g**4 + 0*g. Calculate d(9).
-2
Let q be (12/(-9))/((-4)/(-18)). Let i be 4/q*36/(-8). Suppose i*l - 11 = -5*z + l, 5*z - 17 = l. Let v(a) = 4*a - 3. Calculate v(z).
9
Let k(w) = 7*w**3 - 2*w**2 - 3*w + 8. Let o(x) = 6*x**3 - x**2 - 2*x + 7. Let r = 37 + -32. Let c(l) = r*k(l) - 6*o(l). Give c(-3).
-2
Suppose 283 = 3*o + 271. Let n(s) = s**2 - 5*s - 5. Determine n(o).
-9
Let a(v) be the first derivative of -v**3/3 + v**2 - 304. Determine a(5).
-15
Let i(k) = k - 19. Let z be i(12). Let b = z - -12. Let j(c) = -c - 1. Determine j(b).
-6
Let w(d) be the second derivative of 1/2*d**3 - 1/2*d**4 + 1/20*d**5 + 22*d + 1/2*d**2 + 0. What is w(6)?
19
Let x = 20 + -16. Let h(s) = 3 + 0*s - x*s**2 + 3*s**2 + 2*s - 4*s. What is h(2)?
-5
Suppose 3*x + 3*b + 27 = 6*x, -3*b - 39 = -5*x. Suppose -2*a + 14 - x = 0. Let v(y) = y**2 - 2*y - 3. What is v(a)?
5
Let o(g) be the second derivative of g**5/20 - g**3/6 + 16*g. Let q(y) = 9*y - 11. Let t be q(1). What is o(t)?
-6
Let w be 0/3 - -1 - 2. Let q(c) be the third derivative of -c**7/1680 - c**6/720 - c**5/5 + 2*c**2. Let g(o) be the third derivative of q(o). What is g(w)?
2
Let q(x) be the third derivative of -x**5/60 + 7*x**4/12 - 11*x**3/6 - 44*x**2. What is q(13)?
2
Let t = 24 - 9. Let q(p) = p**2 - t + 0 + 6 - 9*p. Give q(11).
13
Let i(t) = 5*t + 4. Suppose 11*j + 3 = 12*j. Let a(n) = -10*n - 7. Let b(k) = j*a(k) + 5*i(k). Calculate b(1).
-6
Let l(n) = 4 + 4*n**2 + 0*n**2 - 2*n - 5*n**2. Let g = 102 + -97. Suppose 6*c + 29 = g. What is l(c)?
-4
Suppose 0 = -2*h + 3*g - 5, -3*h + g - 2 = 2*g. Suppose -x - 8 = -2*x. Let w(k) = 13*k - x*k - 6*k. What is w(h)?
1
Let c(g) be the first derivative of 0*g - 1 + 1/120*g**5 + 1/12*g**4 - g**3 + 0*g**2. Let t(z) be the third derivative of c(z). Determine t(-3).
-1
Let c(b) = -4*b**2 - 5*b - 1. Let g(y) = 4*y**2 + 4*y + 1. Let n(i) = -4*c(i) - 5*g(i). Suppose 0 = -58*h + 72*h - 0 - 14. What is n(h)?
-5
Suppose b + 5 - 7 = 0. Let o(q) = 21*q**2 - 8*q**2 - 14*q**2. Calculate o(b).
-4
Let f(q) = q**2 - 3*q + 1. Let b(n) = n**3 + 7*n**2 + 11*n + 9. Suppose 3*d = 12, 2*r - 5*d + 0*d = -30. Let s be b(r). What is f(s)?
5
Suppose -79 = -43*g + 50. Let h(m) be the first derivative of -5/2*m**2 - 1/3*m**g + 8 + 8*m. Determine h(-6).
2
Let w(x) = -15*x + 6 - 5 + 15*x + x**3. Let z = 0 + 4. Suppose 0 = d - 2*f + 7, z*f - 16 = 4*d. What is w(d)?
0
Let q(v) = 9*v**2 - v - 1. Let g(t) be the third derivative of -t**6/120 - t**5/30 - t**3/6 + t**2. Let n = -1196 + 1194. Let r be g(n). What is q(r)?
9
Let j be (-2)/(-4) + (-18)/12. Let m be -1*((j + 0)*0 + -1). Let d(g) = g**2. What is d(m)?
1
Let k(y) = -y**2 - 4. Let n(x) = x**2 - x. Let d(b) = -k(b) - 3*n(b). Suppose -4*z - 12 = -20. Let w be (-280)/(-88) + z/(-11). What is d(w)?
-5
Suppose 0 = -o - 2*w + 11 + 6, 5*w = o - 24. Let v = -15 + o. Let c(a) = -7*a + 2*a - 10 + 15 + 0*a**3 + a**3 - 3*a**2. Determine c(v).
1
Let x be (-891)/(-15) - (-12)/(-30). Let z(k) = -x + 28 + k + 31. Give z(0).
0
Let i(z) = z**2 + 9*z - 6. Let t be i(-11). Let q = t + -10. Let a(d) = d. Give a(q).
6
Let k(v) be the second derivative of v**3/2 + 6*v**2 + 2*v - 94. Calculate k(-15).
-33
Let l(b) = 5 + 3 + 127*b - 66*b - 60*b. Calculate l(-3).
5
Suppose -9 = -5*t - 29. Let n(z) = z**3 + z**2 + 2*z. Let q(y) = -3*y**3 - 4*y**2 - 6*y. Let b(c) = 11*n(c) + 4*q(c). What is b(t)?
-8
Let m(r) = -27*r - 4*r - 3*r + 37*r. Let x(c) = 10 - 2 - 5*c + 4*c. Let k be x(7). Calculate m(k).
3
Let s(l) = l**2 - 2*l + 1. Let f(k) = -2*k**2 + 5*k - 3. Let o be (-7)/1 + 8 - (-1 - 2). Let q(d) = o*f(d) + 11*s(d). Calculate q(2).
7
Let z(o) = -4*o**2 - o. Let x(h) = -h**2 + 16*h - 14. Let y = 32 + -17. Let b be x(y). Determine z(b).
-5
Suppose -5*x - 1 + 21 = 0. Let k(v) = -v + 8. Let l(y) = 2. Let m(d) = k(d) - l(d). Let z(u) = u - 5. Let i(w) = -2*m(w) - 3*z(w). What is i(x)?
-1
Let p(n) be the first derivative of -n**4/4 - 5*n**3/3 - 5*n + 106. Determine p(-5).
-5
Let t be (1 + -2 + 1)/(-2). Suppose 3*z + s + 15 = t, 32 = -5*z - s - 3*s. Let k(r) = -3 - 789*r**3 - 4*r - 3*r**2 + r**2 - 3*r**2 + 788*r**3. Give k(z).
-3
Let f(d) = 120 - 52 - 65 - 3*d. Let q(t) = t**3 - 6*t**2 + 7*t - 7. Let l be q(5). Determine f(l).
-6
Let w(t) = -t**3 + 4*t**2 - 3*t + 1. Let j be w(3). Let i be 2/8 + ((-38)/(-8) - -4). Let u(x) = 1 - 2*x + 0*x**2 - 4*x**2 - i*x**2 - x**2. What is u(j)?
-15
Let g(n) = n**2 + 5*n - 6. Suppose -2*t = 2*h - 2, 4*h + h - 4*t + 22 = 0. Let y be -3*21/(-18)*4/h. Determine g(y).
8
Let l(k) = 12 - 3*k + 15 - 26. Let h be (3 - 1)*-2*1. Let v = -1 - h. Determine l(v).
-8
Let k be (0/4 - -2) + -2. Let q(a) be the first derivative of -a**4/4 + a**3/3 - a**2/2 + 11*a + 31. Give q(k).
11
Let d(s) = 4*s - 10. Suppose 5*v - 57 = -4*p, 9 = -p + 12. Give d(v).
26
Let o = -1 - -3. Let k(p) = p**2 + 0*p**o + 5 + p**3 + 0 - 4. Determine k(0).
1
Let t(z) = 5*z + 3. Let y(a) = -a - 1. Let l(i) = 2*t(i) + 9*y(i). Suppose 4 = -2*w + 8. Suppose -15 = -3*o - w*o. Determine l(o).
0
Let r(y) = -5 + 2*y - 3*y + 11. Suppose 0 = -j + 5. Determine r(j).
1
Suppose -l = 4*l + 4*g + 12, -4*g + 24 = -4*l. Let u(a) = -8 - 134021*a + 67014*a + 67006*a. What is u(l)?
-4
Let i(m) = -m - 2. Let c(u) = -u - 3. Let r be 10 + -7 - (-1 + -28). Suppose 4*g - 4*d - r = 0, 5*g + 3*d = -1 + 17. Let l(h) = g*c(h) - 8*i(h). Give l(3).
10
Let c(b) be the third derivative of -b**6/120 + b**5/10 - b**4/12 - 5*b**3/6 - 2*b**2 - 19. Calculate c(6).
-17
Let a(m) = 4*m - 3. Let g be -2 + 0/3 + 2. Let p(l) = -l**3 + 5. Let s be p(g). Calculate a(s).
17
Suppose -4 = p - 3, -5*p = -3*y + 74. Suppose 5*g + 3*n - y = 0, g - 5*n = -0 - 1. Let m(c) = 3 - 8 + 0*c + c. What is m(g)?
-1
Let r be 1 - (4 - (-2 + 4)). Let y(p) = p - 7 + p + 6 + 3*p. Determine y(r).
-6
Let p be -15 + 4 - (-4 - -2). Let r(k) = k**2 + 7*k - 11. Determine r(p).
7
Suppose 0 = 36*q - 33*q - 15. Let m be -2 - (32/(-4) + q). Let t(h) be the third derivative of -5*h**4/24 - h**3/6 - h**2. Determine t(m).
-6
Let c(b) = 3*b - 1. Let u be c(1). Suppose 4*f - 2 - 6 = 0. Let j(o) = f + 3*o**2 - 32*o + 17*o + 15*o. Calculate j(u).
14
Let t = -20 + 14. Let c(g) be the first derivative of 1/2*g**2 + 3 + 2*g. Give c(t).
-4
Let p(i) be the second derivative of -i**5/20 + 5*i**4/12 - i**3/3 - 5*i**2/2 + 45*i. Determine p(2).
3
Suppose -8 = 4*z + 16. Let r be (-1)/(z/3 + (-12)/(-4)). Let o(v) = -4*v**2 + v + 1. Determine o(r).
-4
Let o(k) = -k**2 + k. Suppose -6 = 2*i + 2. Let f be 4/(-8) + (-10)/i. Let g(l) = 3*l**2 + 6*l + 2. Let q(c) = f*o(c) + g(c). Determine q(-6).
-10
Let x be ((-10)/4)/(2/(-12)). Let h = -21 + x. Let l(f) be the first derivative of -f**3/3 - 9*f**2/2 - 8*f + 99. Give l(h).
10
Suppose 9 = 3*n - 0*n. Let i(f) be the second derivative of -1/12*f**4 + f - f**2 + 0*f**3 + 0. Give i(n).
-11
Let p(b) = 32620 + 7*b - 32608 + 14*b**2 - 12*b**2. What is p(-5)?
27
Let t(n) = 2*n + 13. Let c(k) = 2*k + 26. Let d(z) = 3*c(z) - 7*t(z). Determine d(-2).
3
Let u(v) = -v**3 - 7*v**2 - 7*v - 7. Let o be (9/12)/((-2)/288). Let k be (-4)/(-3)*o/24. Let w be u(k). Let t(l) = 3*l - 1. Give t(w).
-4
Let j(q) be the third derivative of 41*q**2 + 1/12*q**4 + 0*q - 1/2*q**3 + 0 - 1/120*q**6 - 1/20*q**5. Calculate j(2).
-19
Let h(v) = -v**3 - 3*v**2 + v. Let r(l) = -l**3 + l**2. Let u(j) = h(j) + 3*r(j). Let m(i) = 3*i + 2. Let a be m(-1). Calculate u(a).
3
Let q(p) be the first derivative of p**3/6 - p**2/2 - 14*p + 3. Let v(a) be the first derivative of q(a). Determine v(-1).
-2
Let z(v) = -v**2 - 13*v + 2. Let j(x) = 4*x**2 + 34*x - 6. Let u(t) = 3*j(t) + 8*